.
4
Suppose -5*p + 1 + 9 = 0. Let d = p + 1. Let g(s) = -s. Determine g(d).
-3
Suppose -3*m + 4*m = -d - 6, 4*d = 3*m - 10. Let z(x) = -x**3 - 5*x**2 - 6*x - 3. Give z(d).
5
Let m(s) = 14*s. Let k be 72/56 + (-4)/14. Determine m(k).
14
Let g be (-13)/(-4) - (-3)/(-12). Let p(h) = 5*h**2 + 15*h + 8. Let u(n) = -2*n**2 - 7*n - 4. Let s(l) = -4*p(l) - 9*u(l). Determine s(g).
-5
Suppose k = 2*k + 3*y + 9, -5*y = -5*k + 55. Suppose -3*c + 6 = -k. Suppose c*f - f - 12 = 0. Let p(g) = -g**3 + 5*g**2 - 4*g - 2. Calculate p(f).
-2
Let u(t) = t**3 - 5*t**2 + 5*t - 2. Let d be u(3). Let h(f) be the second derivative of f**3/6 + 3*f**2 - f. Calculate h(d).
1
Let q be ((-4)/(-10))/(3/15). Let k(d) = -4*d + 4*d - q*d**2 + d**2 + 3*d. Calculate k(5).
-10
Let q(v) = -v**2 - 9*v - 5. Let b be q(-6). Let h(s) = -5*s - 3. Let k(z) = 11*z + 6. Let f(p) = b*h(p) + 6*k(p). Calculate f(-7).
-10
Let o(n) = -n**2 - 7*n - 9. Let l(b) be the second derivative of 5*b**4/12 + 29*b**3/6 + 37*b**2/2 - 3*b. Let x(r) = 2*l(r) + 9*o(r). Give x(5).
-7
Let q = 14 - 10. Let b(x) = x - 2. Calculate b(q).
2
Let o(h) = -h + 4. Let c(r) = r - 5. Let t(p) = 4*c(p) + 5*o(p). Calculate t(4).
-4
Let i(q) = q + 6. Let j be (2 + -1 - 2) + 2. Let k = j - -1. Suppose -6 + 0 = k*y. Calculate i(y).
3
Suppose -2*a = -4*a - 4. Let j(b) = b**3 + 2*b**2 - 3*b - 3. Determine j(a).
3
Suppose -97*i = -102*i + 10. Let v(c) = -3*c - 2. What is v(i)?
-8
Let g(s) be the first derivative of s**4/4 - 5*s**3/3 + s**2/2 + 4*s + 2. What is g(4)?
-8
Let x = -57 + 51. Let a(n) = -n - 5. Determine a(x).
1
Let p(j) = 1 - 10*j**2 - 15*j**3 - 1 + 7 - 15*j. Let k(r) = -7*r**3 - 5*r**2 - 7*r + 3. Let f(z) = -13*k(z) + 6*p(z). Suppose -4 = 2*x + 6. Give f(x).
-2
Let p(h) = 2*h**3 + 9*h - 6*h - h**3 + 3 - 6*h**2. Give p(5).
-7
Let v(f) = -f - 1. Let b(d) = 2*d + 5. Let m(n) = -n - 3. Let a(z) = 4*b(z) + 9*m(z). Let p be a(-7). What is v(p)?
-1
Let t(c) = -c**2 + 6*c - 6. Let g be (18/(-12))/(6/(-20)). Calculate t(g).
-1
Let j(c) = -c**2 - 4*c + 2. Let g(l) be the first derivative of -l - 1. Let y(a) = 3*g(a) + j(a). Let s be (-2)/(-13) + (-41)/13. What is y(s)?
2
Let k be -4 + 2/(-5)*-5. Let m(a) be the third derivative of a**4/4 + a**3/3 - 2*a**2. What is m(k)?
-10
Let a = 30 + -36. Let y(i) = -i**2 - 4*i + 14. Determine y(a).
2
Let c(p) = -p**3 + 2*p**2. Let f be 30/(-20)*4/(-6). Calculate c(f).
1
Let w(o) = 4*o**2 + o - 1. Let x be 0*(-2 + (-6)/(-4)). Let b = x + 1. What is w(b)?
4
Let i(u) = -u**2 + 7*u - 4. Let n(g) = 5*g**2 - 2*g + 1. Let m be n(-2). Let y be (m/(-20))/(2/(-8)). What is i(y)?
6
Let t(m) = m**2 - 4*m + 4. Let i be t(4). Suppose -i*c = -c. Let u(d) = -d - 4. Determine u(c).
-4
Let h(j) = -1 - 5*j**2 + 4*j**2 - j**2. Let l(z) = -z + 7. Let f be l(6). Determine h(f).
-3
Let u(z) = -7*z**2 + 2*z**2 - 6*z**2 + z. Calculate u(1).
-10
Let b = 5 - -4. Let n(x) = -b - 3*x + 9. Calculate n(1).
-3
Let s(t) = -t**2 - 2*t + 2. Let w(k) = -k**2 - 3*k + 3. Let d(g) = 3*s(g) - 4*w(g). Determine d(-5).
-11
Let r(j) = j - 3. Let a(w) = w**3 + 4*w**2 + 3*w. Let n be a(-3). Suppose u - 5*u + 24 = n. Let x = u - 3. Determine r(x).
0
Suppose -4*u = u - 15. Suppose -4*a - 4*p + 20 = 0, 4 + 3 = u*a + p. Let d(m) be the second derivative of -5*m**4/12 + m**3/3 - m**2/2 + m. Determine d(a).
-4
Let x be (-3)/5 - (-231)/35. Let r(s) = 4 - s**3 - s**2 - s - 3*s**2 - x. Give r(-4).
2
Let k(a) = -5*a + 1. Suppose w - 1 = 5*q, q + 2*w = 2*q + 2. Let r be 0 - (-3)/(-3 + q). Determine k(r).
6
Let s(x) be the second derivative of x**6/144 - x**5/60 + x**4/4 - x. Let f(p) be the third derivative of s(p). Determine f(2).
8
Let l(k) = -k - 8. Let c(o) = -2*o - 15. Let t(w) = 3*c(w) - 5*l(w). Let j = -5 - -5. Suppose j = 2*d + 3*h + 9, 2*h + 7 = 4*d + 1. Calculate t(d).
-5
Let t(f) be the second derivative of 1/10*f**5 + 0 + 0*f**4 + 0*f**2 - 4*f + 1/6*f**3. Let a = -4 - -3. Calculate t(a).
-3
Let i = 5 - 9. Let u(q) = -q**2 - 1. Let d(s) = 3*s**2 + s + 4. Let y(g) = -4*d(g) - 11*u(g). Calculate y(i).
-5
Suppose 0 = -3*x - 6 - 6. Let n be 10/(-2) + 5 + -3. Let k(j) = -j. Let z(v) = v. Let q(i) = n*k(i) + x*z(i). Calculate q(1).
-1
Let d(b) be the second derivative of -b**3/6 - 3*b**2/2 - 7*b. Determine d(-6).
3
Let l(g) = 16*g + 1. Let v(j) = j. Let o(f) = -l(f) + 5*v(f). Calculate o(1).
-12
Let n be (140/(-50))/(2/5). Let z(x) = -x**2 - 5*x - 5. Calculate z(n).
-19
Let o(u) = -u**2 - 2. Let x(w) = -w**2 + w - 3. Let h(c) = 4*o(c) - 5*x(c). Determine h(6).
13
Let k(c) be the second derivative of c**4/12 - c**3/6 + c**2 + 5*c. Suppose -5*f + 3*o + 18 = 0, -2*o = -5*f + 24 - 7. What is k(f)?
8
Let v(a) be the first derivative of -a**3/3 - a - 2. Let h(j) = -j + 3. Let l be h(1). Calculate v(l).
-5
Suppose 0 - 5 = -5*n. Let x(y) = 11*y**3 - 9*y**2 - 3. Let b(m) = 17*m**3 - 14*m**2 - 5. Let u(v) = -5*b(v) + 8*x(v). Determine u(n).
2
Let i(w) = w - 7. Let z be i(9). Let n(h) be the second derivative of 1/2*h**3 - 2*h + 0 - h**2. What is n(z)?
4
Suppose -2*z - 2*o = 2*z - 22, -2 = -2*o. Suppose d = 4*h - 3*d, 5*d = -z. Let a(w) = 6*w - 1. Give a(h).
-7
Suppose -2 = 4*x - 5*n, -n + 2 - 8 = -4*x. Let t(m) = m**3 - 3 + m**2 + 3*m + 0*m**2 - 3*m**2. Determine t(x).
3
Let s(k) = -k**2 - 3*k + 4. Let r(y) = y**3 + 10*y**2 + 8*y - 13. Let z be r(-9). Calculate s(z).
0
Let b(j) = 4*j**2 + j + 1. Let v be 5/(0 + 15/6). Suppose -v*i = -3*r + 5, i - 4*i = 4*r - 1. Give b(i).
4
Let s(d) = d**2 - 7*d - 5. Let x be s(6). Let c(g) = -8*g - 9 + 1 - 4. Let k(t) = 3*t + 4. Let a(w) = x*k(w) - 4*c(w). Determine a(-3).
7
Let s(q) = -q**2 - 9*q**2 + 2*q**2 + 6*q**2 - q. Determine s(-2).
-6
Suppose 4*s - 7 = p, 4*p + 8 = -6*s + 2*s. Let m(c) = -5*c**3 + c**2 + c - 1. What is m(s)?
-4
Let p(b) be the third derivative of 0*b + 0 - b**3 + 1/24*b**4 + b**2. Let k be 4/(-16) - 1/(-4). What is p(k)?
-6
Let s(k) be the third derivative of 0*k + 0 - k**3 - 5/24*k**4 + 1/120*k**6 - 4*k**2 + 1/20*k**5. Determine s(-4).
-2
Let p be 2/(-7) + 12/(-7). Let m be 1/(-2) + (-5)/p. Let u(t) = 8*t - 2*t**2 + 4*t**2 - t**3 + 1 - 11*t. Determine u(m).
-5
Let m(u) = -u**2 + 0*u - 3 + 5*u + u. Let l = -11 - -6. Let k be (0 + 2)*l/(-2). Determine m(k).
2
Let w(x) be the second derivative of -x**5/20 - x**4/6 - x**3/6 - 41*x. Give w(-2).
2
Let s(o) = o**3 + 3*o**2 - 2*o + 2. Let j be (-1)/2 + 23/(-2). Let u = j + 9. Calculate s(u).
8
Let k = 10 - 5. Let t(m) = 0*m**2 + 7 - 5*m**2 - 7*m + 0*m**3 + m**2 + m**3. Calculate t(k).
-3
Let b be 5 - 8 - (3 - 2). Let j(f) = f**2 + 2*f - 2. Calculate j(b).
6
Let v(i) = -i**3 - i - 1. Let p(d) = d**3 - 7*d**2 + 7*d - 7. Let f = -6 - -12. Let m be p(f). What is v(m)?
1
Suppose 0*o + 2 = o. Let d(m) = -m**3 + m - 7 + 6*m**o - 5*m + 0. Calculate d(5).
-2
Suppose 12 = o + 3. Suppose 3*f - 3*n = o, -1 = -3*f - 4*n - 13. Let g(k) = -k**2 + k - 2. Give g(f).
-2
Let f(o) = o**2 - 4*o - 3. Suppose 2*x - 4 = 6. Let g be f(x). Let s(c) = -c**3 + c + 13. Let a(l) = -l**3 + l + 14. Let v(b) = g*a(b) - 3*s(b). What is v(0)?
-11
Let k(l) be the first derivative of l**2/2 + 3*l - 14. Let h be (2 + -1)*9/3. Determine k(h).
6
Let y(s) = s - 3*s**2 - 2*s**2 + s**2 + s**3 - 2. Let l be y(4). Let w(r) = -r + 1. What is w(l)?
-1
Let d(l) = 3*l - 4. Let i(s) = -s**2 + 2*s - 3. Let z(p) = 2*d(p) - 3*i(p). Let y be z(-1). Let t(r) = r**2 - 3*r + 4. Determine t(y).
8
Let n(x) = -x**2 - 6*x - 5. Let c be -6 + 7 - (6 + 1). What is n(c)?
-5
Suppose 4*m = 5*m + 1. Let x(b) = -b**2 + 4*b + 4. Let d(k) = -k**3 + k**2 - 3*k - 3. Let z(s) = 4*d(s) + 3*x(s). Determine z(m).
5
Suppose -3*y + 12 = -t + y, -3*t - 5*y + 32 = 0. Let x = -2 + t. Let f(u) = u**2 - x*u + u - 4 - u. Determine f(3).
-1
Let f(b) = -b**3 - 5*b**2 + 5*b + 1. Let i = -67 + 61. Calculate f(i).
7
Suppose 0*h - h = -26. Suppose -5*c - 3*s - h = 0, 18 = -2*c - 3*s + 4. Let d(r) = r**3 + 4*r**2 - r. Calculate d(c).
4
Let c(g) = 2*g - 5. Let j(q) = 2*q - 5. Let b(l) = 5*c(l) - 6*j(l). Let z be 3*3 + 1 + -3. What is b(z)?
-9
Let n(r) = r - 6. Let j(b) = 2*b - 5. Let g(q) = 4*j(q) - 3*n(q). Give g(2).
8
Let i(l) = -l**2 - 33 + 80 - 29 - 7*l - 28. What is i(-5)?
0
Let f(q) = -q**2 - 7*q + 6. Suppose -5*g - 2*j = j + 7, 5*g + 4*j = -6. Let r be 28/(-8)*(g - -4). Give f(r).
6
Let o(g) = g**3 - 3*g**2 - 3*g + 4. Let a be